8). What is the highest common factor of u and 10?
10
Suppose -5*l + 33 = 4*h, l = -5*h + 3*l. Let i(o) = 1 + 3 - 8*o**h + 5*o**2 - o**3. Let p be i(-4). Calculate the greatest common divisor of 4 and p.
4
Let a = 2409 - 2347. Suppose -4*f - 5*i = -347, 3*f - 140 = i + 144. Calculate the highest common factor of f and a.
31
Suppose 43 = 5*b - n - 3*n, 3*n = -6. Suppose 3*w + b = 13. Suppose 4*c = -2*g + 50, -20 = -0*c - c - w*g. Calculate the greatest common factor of c and 40.
10
Let p = 16 - -4. Suppose 0 = 2*x + 12 - p. Suppose -44 = -x*k + 2*k. What is the highest common factor of k and 2?
2
Let y = -1325 - -1374. Calculate the highest common divisor of y and 56.
7
Let m(f) = -19*f**2. Let d be m(1). Let h be (-3 - -2)*(-7 - d). Let c = h - -30. What is the greatest common divisor of c and 162?
18
Suppose -137*t = -151*t + 224. Calculate the greatest common divisor of t and 208.
16
Let f(p) = 22*p - 751. Let u be f(35). Calculate the greatest common factor of 1102 and u.
19
Let d be (-24)/(-10) + (-32)/80. Let m be (-4)/6*(2 - 8). Suppose -2*s + 4*s + 3*u = 6, -2*s - m*u = -d. Calculate the greatest common divisor of 72 and s.
9
Let g(j) = 7*j - 12. Let b be g(8). Let f be -1*b/(-12)*3 + -2. Calculate the highest common factor of 27 and f.
9
Suppose 3*s - 8*s - 26 = -d, -2 = d + 2*s. Suppose -v = -d*v + 220. Let x = -5 + 16. What is the highest common divisor of v and x?
11
Let d = 942 - 14. What is the greatest common factor of d and 58?
58
Let d be (-3)/(-2)*(-6)/(-9). Suppose -6*i = -49 - 23. Suppose 6 = -5*g + 4*v + 39, -4*v = -i. What is the highest common factor of d and g?
1
Suppose -6*a - 20 = -a. Let i be 266/10 + a/(-10). Suppose f + 13 = 3*q + q, 4*q + 2*f - 10 = 0. What is the greatest common divisor of i and q?
3
Suppose -225 = -4*r - 3*m, 81 = r - 5*m - 4. Calculate the greatest common factor of r and 140.
20
Let t(o) be the third derivative of o**6/120 + 13*o**5/60 + o**4/24 + o**3/2 - 26*o**2. Let m be t(-5). Calculate the greatest common divisor of 18 and m.
18
Let s be (3 - 0)*301/21. What is the greatest common factor of 817 and s?
43
Suppose -4*d + 108 = 5*d. Suppose 3*x + d = 0, -n - x = -3*n + 48. Calculate the highest common factor of n and 44.
22
Let g be 1 + 2 + -1*(3 - 3). Suppose -2*v + 40 = g*v. What is the highest common divisor of v and 40?
8
Let w = -6 + 8. Suppose 34 = w*x + 2*z, 6*x - 86 = x - 4*z. Suppose 0 = g - 5*g + 8. Calculate the highest common divisor of x and g.
2
Let y be (-4*2)/(2/(-12)). Let c be (-12)/(-14)*224/y. What is the greatest common divisor of 28 and c?
4
Let s(u) = 4*u**2 - 25*u + 13. Let q be s(9). Calculate the highest common factor of 14 and q.
14
Suppose 7 = -2*b + 4*f - f, -2*b - 8 = -2*f. Let q = 23 - b. Calculate the greatest common divisor of 42 and q.
14
Suppose -121*t + 107*t = -2352. What is the greatest common factor of t and 462?
42
Let l(q) = q**3 + 7*q**2 - 9*q + 10. Let n be l(-8). Suppose -n = y - 2*y. Suppose -6 = f - y. Calculate the highest common factor of 96 and f.
12
Let c = -114 + 118. Suppose 10 = 5*j, -68 = -2*r - 0*j - 2*j. Calculate the highest common divisor of c and r.
4
Let p(g) = 4*g - 1. Let l be p(1). Suppose 5*y + l = -7. Let b = y + 19. What is the highest common factor of b and 119?
17
Let u be ((-3)/12)/(4/(-48)). Suppose 2*z - z = 5*d + 11, -u*z - 9 = -d. Let y be 3 + (-10)/z*2. Calculate the highest common divisor of y and 24.
8
Suppose 0 = 5*k - 146 + 16. Let z = 582 + -543. What is the greatest common factor of z and k?
13
Suppose -l - 4*l + 4*d + 15 = 0, 0 = -2*d. Suppose 0 = 2*c - 6, 0*s - 2*s = -l*c - 49. What is the highest common divisor of s and 203?
29
Let q = -1894 + 1912. Calculate the greatest common factor of q and 297.
9
Suppose -273 = -5*j - x + 2181, x = 4. What is the highest common divisor of j and 49?
49
Let g be 1298/5 - (-6)/15. Let x = -185 - -185. Suppose -z + 6*z - g = x. What is the greatest common divisor of 78 and z?
26
Let r(q) = -7*q - 7. Let v be r(-6). Let h be (2/(-2)*-4)/2 - -1. Let m be (h + -11 + 1)*(-1 + 0). What is the greatest common factor of v and m?
7
Suppose 5 = -2*c + 29. Suppose -3*o + 7 = 1. Suppose 12 = -o*u + 3*u. What is the greatest common divisor of c and u?
12
Let j(z) = 34*z - 124 + 248 - 121. Let x be j(3). Calculate the highest common divisor of x and 21.
21
Let c be (2154/18 - 2) + 10/(-15). What is the greatest common factor of 312 and c?
39
Suppose -3*q + 4*v - v = -36, q - 8 = 3*v. Let d be q/(-35) - 12/(-5). Suppose 5*h - 60 = -4*f, -h = -d*f + 4 - 2. What is the highest common factor of h and 2?
2
Let j = 1084 + -764. Suppose -23 = 11*t - j. What is the greatest common factor of 3 and t?
3
Suppose -389 = -3*t + 5*z, -3*z = 4*t - 714 + 147. What is the greatest common divisor of t and 184?
46
Let y be 65970/495 - (-6)/(-22). Let m(k) = 4*k**2 + 2*k - 1. Let t be 1 + 0 - -1 - 0. Let h be m(t). Calculate the highest common divisor of h and y.
19
Suppose 30 = -159*s + 162*s. Let h be (0 + -1)/(2/(-10)). Calculate the greatest common divisor of h and s.
5
Suppose -195 + 2509 = 13*p. Calculate the highest common factor of 89 and p.
89
Suppose 4*i - 2*n + 109 = -i, -71 = 3*i - 4*n. Let s be (-2)/6 + 68138/i. Let j be (-2)/(-3) + s/(-33). What is the greatest common divisor of j and 9?
9
Let w(o) = -9*o - 6. Let u = 5 - 2. Let k(p) = -p - 1. Let z be k(u). Let l be w(z). Calculate the greatest common factor of l and 20.
10
Let y be (24/(-12))/(1/(-2)). Suppose 5*t - i + 59 = 0, -y*i = 2*t - 4*t - 20. Let x be -4 + 48*(-16)/t. Calculate the highest common divisor of x and 40.
20
Let j = 99 - 98. Suppose 5*l = 4 + 6. Suppose 3 = 5*q - l. Calculate the greatest common divisor of q and j.
1
Suppose -18*t = -14*t - 20. Suppose -2*c - 3*o = -13, t*c - o = c + 5. Calculate the highest common factor of c and 3.
1
Suppose -g - f = -202, -4*g - g = -5*f - 990. Let w(s) = s**3 + 9*s**2 + 10*s - 3. Let t be w(-7). What is the highest common factor of t and g?
25
Let a(h) = -3 - 2*h**2 + 2 + 16*h - 17*h - h**3. Let z be a(-3). Calculate the greatest common factor of z and 44.
11
Let b(p) = -4*p + 5. Let n be b(0). Let q = 38 - 21. Suppose n*x = 4*x + q. Calculate the greatest common divisor of x and 153.
17
Let v = 12 - 3. Suppose k + 6 = 2*c, -c + 4*c - 2*k - 8 = 0. Let q = v - c. Calculate the highest common divisor of 40 and q.
5
Let d(b) = 23*b + 2. Let v be d(2). Let k be 500/(-15) + 3/9. Let y = k + v. Calculate the greatest common factor of y and 135.
15
Let m = 33 + -3. Suppose g - 2 = w, 4*w = 5*g - 228 + 217. What is the highest common factor of g and m?
3
Let o be 7826/56 - (-1)/4. Calculate the greatest common factor of o and 105.
35
Let p be (-915)/(-105) - (8/14)/(-2). Calculate the greatest common divisor of 18 and p.
9
Suppose 4*w - 5*s - 110 - 39 = 0, 5*s = -25. Let r be w - (-2 - 3/3). Let v = 123 + -72. Calculate the greatest common factor of r and v.
17
Let f(c) = 37 - c + 25 - 27. Let z be f(-21). What is the greatest common divisor of 7 and z?
7
Let d(t) be the second derivative of -5*t**3/3 + 2*t**2 - 2*t. Let j be d(-2). Calculate the highest common divisor of j and 60.
12
Let w(v) = 2*v - 8. Let b be w(6). Suppose 2*i = -2*m + b*m + 10, -3*i = -4*m - 19. Let h be i/(3/57) + 0. What is the greatest common factor of 95 and h?
19
Let h = 1997 + -1968. What is the greatest common factor of h and 1?
1
Let c(t) = 111*t**2 + 5*t + 6. Let i be c(-2). Let s = i - 308. Suppose -9*u + 7*u = -24. Calculate the greatest common divisor of s and u.
12
Let m be 67/5 + (-6)/15. Suppose 0 = 3*p - 77 - m. Calculate the highest common divisor of 20 and p.
10
Let a be ((-2576)/12)/(-7) + (-4)/6. Let g = 3 + 2. Suppose 0*m + 5*m + 30 = 3*b, 5*b + g*m = 50. What is the greatest common divisor of a and b?
10
Let c be 198/45 + (-4)/10. Let s be (3 - -1)/8*c - -11. Calculate the highest common factor of s and 91.
13
Suppose -4*u + 112 = 2*b, -3*u - 2*u + 116 = 2*b. Suppose 0 = j - 13 - 11. What is the greatest common factor of j and b?
24
Let m = -134 - -138. Let z = -34 + 50. Calculate the greatest common factor of m and z.
4
Let c(d) = d**3 - 3*d**2 + 7*d - 1. Let q be c(5). Let x be (-9)/((-6)/(-24) + -1). Calculate the greatest common divisor of q and x.
12
Suppose -2*c = -4*c + 48. Suppose 2583 = 4